96*y - 100*y + 37656. Suppose -17*j + y + 11309 = 0. Is j a composite number?
True
Suppose -14*d + 203177 = 21471. Is d prime?
True
Let w(p) = -p**2 + p + 2. Let k be w(-2). Let f be k - (-2 + 3)*-7. Is -30*(2/f + -1) composite?
True
Let y(n) = 5227*n**3 + 2*n**2 + 6*n - 9. Is y(2) composite?
True
Let d = -12319 + 18288. Is d a prime number?
False
Suppose 3*l - 4*g - 530 = 0, -4*l + 443 = -g - 268. Let h = l + 145. Is h a prime number?
False
Let t = -8664 - -15381. Is t composite?
True
Let i = 4466 - 2149. Is i composite?
True
Suppose -5*d + 74568 = 4*f, 5*f - 2*d - 21437 = 71740. Is f a composite number?
False
Let h be (-4)/6 + (-12624)/(-9) + -2. Is 4/(-6) + h/30 a prime number?
False
Let w = -13 - -8. Let a = -12 - w. Is (-6)/42 - 848/a a prime number?
False
Let r(g) = g**3 + 17*g**2 - 9*g + 12. Let x be r(-11). Let o = x + -76. Is o prime?
True
Let t = 367 + 52. Is t a composite number?
False
Let m(q) = 6*q**2 - 13*q - 11. Let t be m(17). Suppose -2*r - 2*b = -t, 0 = 5*r + 2*b + 287 - 4048. Is r a prime number?
False
Let t = -36 + 39. Suppose 2*v = -t*v + 480. Let b = 257 - v. Is b a prime number?
False
Let i(r) = 227*r - 268. Is i(21) a composite number?
True
Is 2 + (-2)/(-7) + (-243416)/(-56) prime?
True
Let m = -3977 - -9714. Is m composite?
False
Let x = -47 + 37. Let f(o) = -46*o + 39. Is f(x) composite?
False
Is (3511/(-3))/((-9)/27) prime?
True
Suppose -7*b + 2639 + 12488 = 0. Is b a prime number?
True
Suppose -35*v = -38*v + 23097. Is v a composite number?
False
Let t(k) = 37*k**2 + 3*k + 13. Let w = 40 - 43. Is t(w) a prime number?
True
Let h(r) = -150*r**3 - 3*r**2 + 4*r - 6. Is h(-5) prime?
False
Let j be (-169)/(((-2)/3)/2). Suppose j = 3*q - 5*g + 6*g, 845 = 5*q - 2*g. Is q prime?
False
Let u = -8976 - -14015. Is u a composite number?
False
Let k be (-15 - -3)/(-3) + -2. Suppose 1 = q - k. Suppose q*z + z = 1028. Is z a prime number?
True
Is ((-52)/(-39))/((-8)/(-2274)) prime?
True
Let x(m) = 12*m**3 + 4*m**2 + m + 3. Let o be x(4). Suppose -2*n - 3*n + 2517 = 3*w, o = w + 5*n. Is w composite?
False
Let z(s) = -s**2 + 17*s. Let u be z(7). Is 20517/u + 1/(-10) composite?
False
Let w be (-10)/((-6)/(-9)*-1). Let l = w - 11. Suppose 2*y + 2*k = 110, k = -l*y - 0*k + 220. Is y a composite number?
True
Suppose -3*g + 2*s = 215, -4*g - 3*s - 68 = -3*g. Let l = 517 + g. Is l prime?
False
Suppose 32*a = 19*a + 138749. Is a composite?
True
Let w(c) be the third derivative of -c**6/120 + c**5/12 + c**4/24 + c**3/3 + 8*c**2. Is w(3) prime?
True
Suppose -96018 = -11*c + 29503. Is c a composite number?
False
Let g(n) = 7*n**2 - 4*n + 4. Let v = -11 - -9. Let h(d) = -d**3 + 2*d - 1. Let j be h(v). Is g(j) composite?
True
Suppose -6 - 3 = d. Is 3/d*564/(-4) a prime number?
True
Let p be (-5 - (-60)/(-4))/(4/(-10)). Let j = p - -161. Is j a composite number?
False
Let z be 0*(3 - 20/8). Suppose z = -3*w + 5*f - 51, w + w = -3*f - 15. Is 4042/12 - 2/w prime?
True
Let b(u) be the third derivative of -557*u**4/12 - 14*u**2. Is b(-1) a composite number?
True
Suppose 7468 + 2267 = 15*h. Is h a prime number?
False
Suppose 4 + 1 = 2*y - u, -3*y - 5*u = -14. Suppose -8*o + 28 + 4 = 0. Let w = o + y. Is w a composite number?
False
Let o be (10 + -9)/(2/14624). Is (-2 + -1)/(4*(-12)/o) a prime number?
True
Let k = -2614 - -7691. Is k composite?
False
Let n = -139 + 38. Let z = 318 - n. Is z prime?
True
Let d be (-1 + 2)*(1 + -2)*-3. Suppose -2*i + 412 = -d*p, 839 = 4*i + p + 29. Is i prime?
False
Let p(m) = 4*m**3 - 13*m**2 + 12*m + 61. Is p(14) a prime number?
False
Suppose 10*f = 111 - 321. Is ((-27105)/f - -2) + (-2)/(-7) prime?
False
Let d(n) = n**3 + 9*n**2 + 13*n - 3. Let u be d(-7). Suppose -s + u*s = 447. Is s composite?
False
Suppose 2*k - 46 + 10 = 0. Is (1076/36*3)/(2/k) a prime number?
False
Let t(l) = -231*l**3 - l**2 + 3. Is t(-2) a prime number?
True
Is ((-86685)/(-12))/((-11)/(-44)) a prime number?
False
Suppose 2*r + 3*q - 6098 = q, -5*r = -q - 15215. Suppose x - r - 452 = 0. Suppose -3*k = 5*k - x. Is k composite?
True
Let o(y) = 37*y - 6. Suppose 5*z - 4*c + 18 = 6, -5*z - 5*c + 15 = 0. Suppose -p + 17 = -6*l + 3*l, z = 4*l + 16. Is o(p) prime?
True
Suppose -l + 4*g = -24, -l = 4*g + 8 + 8. Suppose -l = d - 1, -5*d = -3*b + 2124. Is b composite?
True
Let b(u) = -36*u**2 + 5*u + 4. Let l be b(6). Let j(s) = s**2 - 33*s + 121. Let f be j(44). Let d = f - l. Is d prime?
True
Suppose -4615 + 504 = -f. Is f a prime number?
True
Let y be 4 - 1 - 5*(-3)/(-5). Suppose y = -2*k + 148 + 46. Is k a composite number?
False
Suppose 0 = -5*h + 6 + 9. Is 2 + 555/h - -4 prime?
True
Let z(q) = 12*q**2 + 66*q - 57. Is z(21) prime?
False
Let y be (-3)/((-12)/1720)*-2. Let i be 4/4 - y - -3. Let j = 1211 - i. Is j a composite number?
False
Let t = -26 + 22. Let k(z) = 14*z**2 + z + 2. Let x be k(t). Suppose -u + x = u. Is u composite?
True
Let k(r) = -3*r + 31. Is k(-8) a composite number?
True
Let n be (-6333)/(-13) + 4/(-26). Let h(f) = -5*f**2 + 3*f - 4. Let q be h(7). Let l = q + n. Is l composite?
True
Let m(p) = -4*p**3 - 1 + 13*p + 3*p**3 - 7*p + 9*p + 12*p**2. Let x = 26 + -20. Is m(x) composite?
True
Let p(o) = 10*o**2 - 103*o - 88. Is p(37) composite?
False
Suppose 4*x - 1707 - 995 = -5*b, x - b - 671 = 0. Is x prime?
True
Let h(d) = -d**3 + 3*d**2 + 3*d. Let a be h(4). Let c be (2 + 24)*34/a. Let t = 312 + c. Is t a composite number?
True
Suppose 18*d = 166379 + 168727. Is d a prime number?
True
Let a(h) = -h**3 + 4*h**2 + 3*h - 1. Let f be a(5). Is (f - -1872) + (-2)/((-2)/(-3)) prime?
False
Let n be 10/5 + 0/(-1). Suppose n*u - 2*b - 328 = 0, 5*u - 813 = -4*b + 2*b. Is u prime?
True
Suppose -3*c + 10694 = -6925. Is c composite?
True
Suppose -p - 6788 = -6*p - 3*a, 5429 = 4*p + a. Is p prime?
False
Let j = 145868 - 81747. Is j a composite number?
True
Let b = 53 + 326. Is b prime?
True
Suppose 3*m + 3*b + 7 = 55, 3*b = m. Suppose 19*l = 27*l + 25408. Is (-6)/4*l/m composite?
False
Suppose -2*t - 4*q + 1372 = -2278, t + 3*q = 1826. Is t a prime number?
True
Suppose 0 = 1631*t - 1625*t - 54882. Is t a composite number?
True
Suppose 0 = -2*n - 3*n + 10. Suppose n*q = 7*q. Suppose 0*y + 5*y + 143 = 4*a, q = a + 5*y - 42. Is a a composite number?
False
Suppose -5*d - 3*b - 8196 = -8*d, -b = 3*d - 8192. Is d a prime number?
True
Let j = 16 - 109. Let q = -75 - -185. Let r = q - j. Is r a prime number?
False
Let j be -1 + 1*(3 - 3). Let y be 12/24 - j/2. Is (3 - -50)*1/y a prime number?
True
Let b be (17 + -1274)*(-4)/(-3). Let g = b + 4519. Is g prime?
True
Let p = -56 - -61. Suppose 3*c = p*g + 328, -c + 3*g + 218 = c. Is c a composite number?
True
Suppose -9*o - 230 + 3209 = 0. Is o a prime number?
True
Let l = 17 - 17. Suppose -2*g = -l*g + 56. Let d = 50 + g. Is d prime?
False
Suppose 19*j - 42545 = 5582. Is j prime?
False
Is -3 + 5 + 1 - (-15 + -4240) a prime number?
False
Is 157*(-12)/(120/(-710)) prime?
False
Is 3/(-6) + 7083/2 a prime number?
True
Let l(v) = 1052*v**2 - 9*v + 11. Is l(2) a composite number?
False
Is 15867/4 - (-2 - 7/(-4)) prime?
True
Let u = 134546 - 75889. Is u a composite number?
False
Let u(r) be the second derivative of 7*r**5/20 + r**4/12 - 2*r**3 + 5*r**2/2 - 4*r + 3. Is u(6) a composite number?
False
Suppose -i = -p - 2358, 16*p + 5 = 15*p. Is i a prime number?
False
Let h = 9504 + -6719. Is h prime?
False
Let a be (-2)/6 + (-3)/(-9). Suppose a = p - 2. Is 134 - 3*p/6 prime?
False
Suppose -37*j = -36*j + 2, -2*r = 4*j - 2294. Is r a composite number?
False
Let w = 8717 - 5218. Is w a prime number?
True
Let d(v) = 304*v - 14. Let b be d(9). Suppose 0 = 4*p + u - 5472, 0*u - b = -2*p + 3*u. Is p prime?
True
Is 2*(-8)/(-48)*20409 a prime number?
True
Let t(n) = n**3 + 3*n**2 - 2*n + 1. Let g be t(-4). Let a(h) = -h**3 + 14*h**2 + 2*h - 26. Let v be a(14). Let s = v - g. Is s a prime number?
False
Let y = -89 - -91. Let l be -1*1/(-1) - -296. Suppose 0 = y*q - 205 - l. Is q composite?
False
Let v be (1 - -2)*45/(-5). Is -1438*(4 + v/6) a composite number?
False
Suppose 0 = 5*p - 5*j - 5308 - 11957, 10357 = 3*p - 4*j. Suppose h = 3*y - p, 0 = -2*y - 0*h - 3*h + 2296. Is y a composite number?
False
Let o(f) = -f**3 + 5*f**2 + 6*f - 1. Let l = -3 + 9. Let k be o(l). Is (5 - 4)/(k/(-43)) composite?
False
Let k = 11111